{"id":70,"date":"2024-04-18T07:38:43","date_gmt":"2024-04-18T07:38:43","guid":{"rendered":"https:\/\/www.mdsmobilya.com\/?page_id=70"},"modified":"2024-07-09T13:21:05","modified_gmt":"2024-07-09T13:21:05","slug":"ozel-uretim-hatti","status":"publish","type":"page","link":"https:\/\/www.mdsmobilya.com\/index.php\/ozel-uretim-hatti\/","title":{"rendered":"\u00d6zel \u00dcretim Hatt\u0131"},"content":{"rendered":"\n\t<section class=\"section\" id=\"section_8072714\">\n\t\t<div class=\"bg section-bg fill bg-fill  bg-loaded\" >\n\n\t\t\t\n\t\t\t\n\t\t\t\n\n\t\t<\/div>\n\n\t\t\n\n\t\t<div class=\"section-content relative\">\n\t\t\t\n\n<div class=\"row align-bottom\" style=\"max-width:1200px\" id=\"row-837482103\">\n\n\n\t<div id=\"col-496529828\" class=\"col medium-9 small-12 large-10\"  >\n\t\t\t\t<div class=\"col-inner\"  >\n\t\t\t\n\t\t\t\n\n\t<div id=\"gap-2089290636\" class=\"gap-element clearfix\" style=\"display:block; height:auto;\">\n\t\t\n<style>\n#gap-2089290636 {\n  padding-top: 100px;\n}\n@media (min-width:550px) {\n  #gap-2089290636 {\n    padding-top: 150px;\n  }\n}\n<\/style>\n\t<\/div>\n\t\n\n\t<div id=\"text-1117099324\" class=\"text\">\n\t\t\n\n<h2><span style=\"font-size: 190%;\">\u00d6zel \u00dcretim Hatt\u0131<\/span><\/h2>\n\t\t\n<style>\n#text-1117099324 {\n  font-size: 1rem;\n}\n@media (min-width:550px) {\n  #text-1117099324 {\n    font-size: 0.75rem;\n  }\n}\n@media (min-width:850px) {\n  #text-1117099324 {\n    font-size: 1rem;\n  }\n}\n<\/style>\n\t<\/div>\n\t\n\n\t\t<\/div>\n\t\t\t\t\t<\/div>\n\n\t\n\n\t<div id=\"col-1306005822\" class=\"col medium-3 small-12 large-2\"  >\n\t\t\t\t<div class=\"col-inner text-right\"  >\n\t\t\t\n\t\t\t\n\n<a class=\"button secondary expand\"  style=\"border-radius:30px;padding:5px 30px 5px 30px;\">\n    <span>Book now<\/span>\n  <\/a>\n\n\n\n\t\t<\/div>\n\t\t\t\t\t<\/div>\n\n\t\n\n<\/div>\n\n\t\t<\/div>\n\n\t\t\n<style>\n#section_8072714 {\n  padding-top: 0px;\n  padding-bottom: 0px;\n}\n<\/style>\n\t<\/section>\n\t\n\t<section class=\"section has-parallax\" id=\"section_1281861607\">\n\t\t<div class=\"bg section-bg fill bg-fill  \" data-parallax-container=\".section\" data-parallax-background data-parallax=\"-7\">\n\n\t\t\t\n\t\t\t\n\t\t\t\n\n\t\t<\/div>\n\n\t\t\n\n\t\t<div class=\"section-content relative\">\n\t\t\t\n\n\n\t\t<\/div>\n\n\t\t\n<style>\n#section_1281861607 {\n  padding-top: 30px;\n  padding-bottom: 30px;\n  min-height: 350px;\n}\n#section_1281861607 .section-bg.bg-loaded {\n  background-image: url(https:\/\/www.mdsmobilya.com\/wp-content\/uploads\/2024\/07\/hbv-multifunction-bridge-wood-working-scaled.jpg);\n}\n#section_1281861607 .section-bg {\n  background-position: 48% 62%;\n}\n@media (min-width:550px) {\n  #section_1281861607 {\n    min-height: 450px;\n  }\n}\n@media (min-width:850px) {\n  #section_1281861607 {\n    min-height: 550px;\n  }\n}\n<\/style>\n\t<\/section>\n\t\n\t<section class=\"section\" id=\"section_1338678562\">\n\t\t<div class=\"bg section-bg fill bg-fill  bg-loaded\" >\n\n\t\t\t\n\t\t\t\n\t\t\t\n\n\t\t<\/div>\n\n\t\t\n\n\t\t<div class=\"section-content relative\">\n\t\t\t\n\n<div class=\"row\" style=\"max-width:1200px\" id=\"row-1172601005\">\n\n\n\t<div id=\"col-510491885\" class=\"col small-12 large-12\"  >\n\t\t\t\t<div class=\"col-inner\" style=\"background-color:rgb(255, 255, 255);\" >\n\t\t\t\n\t\t\t\n\n<div class=\"row align-middle align-right\" style=\"max-width:1200px\" id=\"row-2079852174\">\n\n\n\t<div id=\"col-1403532063\" class=\"col medium-12 small-12 large-6\"  >\n\t\t\t\t<div class=\"col-inner\"  >\n\t\t\t\n\t\t\t\n\n\t<div id=\"gap-47675535\" class=\"gap-element clearfix\" style=\"display:block; height:auto;\">\n\t\t\n<style>\n#gap-47675535 {\n  padding-top: 5px;\n}\n@media (min-width:550px) {\n  #gap-47675535 {\n    padding-top: 50px;\n  }\n}\n<\/style>\n\t<\/div>\n\t\n\n<h6>elegance and luxury<\/h6>\n\t<div id=\"text-1846202884\" class=\"text\">\n\t\t\n\n<h6>Toplu Sipari\u015fler \u0130\u00e7in \u00d6zel \u00dcretim Hatt\u0131<\/h6>\n\t\t\n<style>\n#text-1846202884 {\n  font-size: 1.75rem;\n}\n<\/style>\n\t<\/div>\n\t\n<p>MDS olarak, m\u00fc\u015fteri memnuniyetini en \u00fcst d\u00fczeyde tutmay\u0131 hedefliyoruz. Bu do\u011frultuda, toplu sipari\u015fler i\u00e7in \u00f6zel \u00fcretim hatt\u0131 kurarak, b\u00fcy\u00fck projelerde ve toplu taleplerde m\u00fc\u015fterilerimize h\u0131zl\u0131, kaliteli ve verimli \u00e7\u00f6z\u00fcmler sunuyoruz. \u00d6zel \u00fcretim hatt\u0131m\u0131z, hem i\u015fletmelerin hem de bireysel m\u00fc\u015fterilerin ihtiya\u00e7lar\u0131na g\u00f6re esnek ve \u00f6zelle\u015ftirilebilir \u00fcretim se\u00e7enekleri sunmaktad\u0131r.<\/p>\n\n\t\t<\/div>\n\t\t\t\t\n<style>\n#col-1403532063 > .col-inner {\n  padding: 10px 30px 0px 30px;\n}\n@media (min-width:550px) {\n  #col-1403532063 > .col-inner {\n    padding: 0 50px 20px 50px;\n  }\n}\n@media (min-width:850px) {\n  #col-1403532063 > .col-inner {\n    padding: 50px 50px 50px 70px;\n  }\n}\n<\/style>\n\t<\/div>\n\n\t\n\n\t<div id=\"col-609880032\" class=\"col medium-12 small-12 large-6 medium-col-first\"  >\n\t\t\t\t<div class=\"col-inner\"  >\n\t\t\t\n\t\t\t\n\n\n  <div class=\"banner has-hover\" id=\"banner-1100801170\">\n          <div class=\"banner-inner fill\">\n        <div class=\"banner-bg fill\" >\n            <div class=\"bg fill bg-fill \"><\/div>\n                                    \n                    <\/div>\n\t\t\n        <div class=\"banner-layers container\">\n            <div class=\"fill banner-link\"><\/div>            \n\n\n        <\/div>\n      <\/div>\n\n            \n<style>\n#banner-1100801170 {\n  padding-top: 300px;\n  background-color: rgb(255, 255, 255);\n}\n#banner-1100801170 .bg.bg-loaded {\n  background-image: url(https:\/\/www.mdsmobilya.com\/wp-content\/uploads\/2024\/07\/depositphotos_159937998-stock-photo-man-works-for-edge-banding-1024x432.jpg);\n}\n#banner-1100801170 .bg {\n  background-position: 39% 55%;\n}\n@media (min-width:550px) {\n  #banner-1100801170 {\n    padding-top: 400px;\n  }\n}\n@media (min-width:850px) {\n  #banner-1100801170 {\n    padding-top: 500px;\n  }\n}\n<\/style>\n  <\/div>\n\n\n\n\t\t<\/div>\n\t\t\t\t\n<style>\n#col-609880032 > .col-inner {\n  padding: 20px 20px 10px 20px;\n}\n@media (min-width:550px) {\n  #col-609880032 > .col-inner {\n    padding: 50px 50px 0 50px;\n  }\n}\n@media (min-width:850px) {\n  #col-609880032 > .col-inner {\n    padding: 50px 50px 20px 0px;\n  }\n}\n<\/style>\n\t<\/div>\n\n\t\n\n<\/div>\n\n\t\t<\/div>\n\t\t\t\t\n<style>\n#col-510491885 > .col-inner {\n  margin: -100px 0px 0px 0px;\n}\n@media (min-width:550px) {\n  #col-510491885 > .col-inner {\n    margin: -150px 0px 0px 0px;\n  }\n}\n<\/style>\n\t<\/div>\n\n\t\n\n<\/div>\n\t<div id=\"gap-1001522027\" class=\"gap-element clearfix\" style=\"display:block; height:auto;\">\n\t\t\n<style>\n#gap-1001522027 {\n  padding-top: 15px;\n}\n@media (min-width:550px) {\n  #gap-1001522027 {\n    padding-top: 55px;\n  }\n}\n<\/style>\n\t<\/div>\n\t\n\n<div class=\"row row-solid\"  id=\"row-1902643890\">\n\n\n\t<div id=\"col-53575148\" class=\"col medium-4 small-12 large-4\"  >\n\t\t\t\t<div class=\"col-inner text-center\"  >\n\t\t\t\n\t\t\t\n\n\t<div id=\"text-3519233667\" class=\"text\">\n\t\t\n\n<h3><span class=\"count-up\">365<\/span><\/h3>\n\t\t\n<style>\n#text-3519233667 {\n  font-size: 2.5rem;\n  text-align: center;\n}\n<\/style>\n\t<\/div>\n\t\n\t<div id=\"text-1165635716\" class=\"text\">\n\t\t\n\n<h6>G\u00fcn A\u00e7\u0131k<\/h6>\n\t\t\n<style>\n#text-1165635716 {\n  text-align: center;\n}\n<\/style>\n\t<\/div>\n\t\n\n\t\t<\/div>\n\t\t\t\t\t<\/div>\n\n\t\n\n\t<div id=\"col-1302961544\" class=\"col medium-4 small-12 large-4\"  >\n\t\t\t\t<div class=\"col-inner text-center\"  >\n\t\t\t\n\t\t\t\n\n\t<div id=\"text-2637614427\" class=\"text\">\n\t\t\n\n<h3><span class=\"count-up\">981<\/span><\/h3>\n\n\t\t\n<style>\n#text-2637614427 {\n  font-size: 2.5rem;\n  text-align: center;\n}\n<\/style>\n\t<\/div>\n\t\n\t<div id=\"text-3317655821\" class=\"text\">\n\t\t\n\n<h6>Mutlu M\u00fc\u015fteri<\/h6>\n\t\t\n<style>\n#text-3317655821 {\n  text-align: center;\n}\n<\/style>\n\t<\/div>\n\t\n\n\t\t<\/div>\n\t\t\t\t\t<\/div>\n\n\t\n\n\t<div id=\"col-199480644\" class=\"col medium-4 small-12 large-4\"  >\n\t\t\t\t<div class=\"col-inner text-center\"  >\n\t\t\t\n\t\t\t\n\n\t<div id=\"text-3635228942\" class=\"text\">\n\t\t\n\n<h3><span class=\"count-up\">1750<\/span><\/h3>\n\n\t\t\n<style>\n#text-3635228942 {\n  font-size: 2.5rem;\n  text-align: center;\n}\n<\/style>\n\t<\/div>\n\t\n\t<div id=\"text-1945287225\" class=\"text\">\n\t\t\n\n<h6>Tamamlanan Proje<\/h6>\n\t\t\n<style>\n#text-1945287225 {\n  text-align: center;\n}\n<\/style>\n\t<\/div>\n\t\n\n\t\t<\/div>\n\t\t\t\t\t<\/div>\n\n\t\n\n<\/div>\n\t<div id=\"gap-835157247\" class=\"gap-element clearfix\" style=\"display:block; height:auto;\">\n\t\t\n<style>\n#gap-835157247 {\n  padding-top: 30px;\n}\n<\/style>\n\t<\/div>\n\t\n\n\n\t\t<\/div>\n\n\t\t\n<style>\n#section_1338678562 {\n  padding-top: 30px;\n  padding-bottom: 30px;\n  background-color: rgb(237, 233, 227);\n}\n<\/style>\n\t<\/section>\n\t\n\t<section class=\"section has-parallax\" id=\"section_2111666092\">\n\t\t<div class=\"bg section-bg fill bg-fill  \" data-parallax-container=\".section\" data-parallax-background data-parallax=\"-7\">\n\n\t\t\t\n\t\t\t\n\t\t\t\n\n\t\t<\/div>\n\n\t\t\n\n\t\t<div class=\"section-content relative\">\n\t\t\t\n\n\n\t\t<\/div>\n\n\t\t\n<style>\n#section_2111666092 {\n  padding-top: 30px;\n  padding-bottom: 30px;\n  min-height: 300px;\n}\n#section_2111666092 .section-bg.bg-loaded {\n  background-image: url(https:\/\/www.mdsmobilya.com\/wp-content\/uploads\/2024\/07\/IMG_0680-scaled-1.webp);\n}\n#section_2111666092 .section-bg {\n  background-position: 40% 68%;\n}\n@media (min-width:550px) {\n  #section_2111666092 {\n    min-height: 350px;\n  }\n}\n@media (min-width:850px) {\n  #section_2111666092 {\n    min-height: 400px;\n  }\n}\n<\/style>\n\t<\/section>\n\t\n\t<section class=\"section\" id=\"section_556007586\">\n\t\t<div class=\"bg section-bg fill bg-fill  bg-loaded\" >\n\n\t\t\t\n\t\t\t\n\t\t\t\n\n\t\t<\/div>\n\n\t\t\n\n\t\t<div class=\"section-content relative\">\n\t\t\t\n\n<div class=\"row\" style=\"max-width:1200px\" id=\"row-1868751640\">\n\n\n\t<div id=\"col-124651893\" class=\"col small-12 large-12\"  >\n\t\t\t\t<div class=\"col-inner\" style=\"background-color:rgb(255, 255, 255);\" >\n\t\t\t\n\t\t\t\n\n<div class=\"row\" style=\"max-width:1200px\" id=\"row-408615662\">\n\n\n\t<div id=\"col-1546231156\" class=\"col small-12 large-12\"  >\n\t\t\t\t<div class=\"col-inner\"  >\n\t\t\t\n\t\t\t\n\n\t<div id=\"text-1259439149\" class=\"text\">\n\t\t\n\n<h6>We love quality<\/h6>\n\t\t\n<style>\n#text-1259439149 {\n  text-align: center;\n}\n<\/style>\n\t<\/div>\n\t\n\t<div id=\"text-880147196\" class=\"text\">\n\t\t\n\n<h2>Kaliteli ve H\u0131zl\u0131 \u00dcretim<\/h2>\n\t\t\n<style>\n#text-880147196 {\n  font-size: 2rem;\n  text-align: center;\n}\n@media (min-width:550px) {\n  #text-880147196 {\n    font-size: 1.75rem;\n  }\n}\n<\/style>\n\t<\/div>\n\t\n\n\t\t<\/div>\n\t\t\t\t\n<style>\n#col-1546231156 > .col-inner {\n  padding: 50px 20px 0px 20px;\n}\n@media (min-width:550px) {\n  #col-1546231156 > .col-inner {\n    padding: 50px 50px 0px 50px;\n  }\n}\n<\/style>\n\t<\/div>\n\n\t\n\n<\/div>\n<div class=\"row align-center\" style=\"max-width:1200px\" id=\"row-1394732955\">\n\n\n\t<div id=\"col-2064279727\" class=\"col medium-6 small-12 large-6\"  >\n\t\t\t\t<div class=\"col-inner\"  >\n\t\t\t\n\t\t\t\n\n<p>Toplu sipari\u015flerde, standardizasyon ve h\u0131zl\u0131 \u00fcretim b\u00fcy\u00fck \u00f6nem ta\u015f\u0131r. MDS olarak, bu gereksinimlerin fark\u0131nday\u0131z ve \u00f6zel \u00fcretim hatt\u0131m\u0131z ile b\u00fcy\u00fck \u00e7apl\u0131 projelerde m\u00fckemmel sonu\u00e7lar elde etmenizi sa\u011fl\u0131yoruz. \u00d6zel \u00fcretim hatt\u0131m\u0131z, y\u00fcksek kapasiteye sahip olup, en son teknoloji makineler ve ekipmanlarla donat\u0131lm\u0131\u015ft\u0131r. Bu sayede, toplu sipari\u015flerinizi en k\u0131sa s\u00fcrede ve en y\u00fcksek kaliteyle \u00fcretebiliriz.<\/p>\n\n\t\t<\/div>\n\t\t\t\t\n<style>\n#col-2064279727 > .col-inner {\n  padding: 0px 30px 0px 30px;\n  margin: -20px 0px 0px 0px;\n}\n@media (min-width:550px) {\n  #col-2064279727 > .col-inner {\n    padding: 0px 0px 0px 50px;\n    margin: -25px 0px 0px 0px;\n  }\n}\n@media (min-width:850px) {\n  #col-2064279727 > .col-inner {\n    padding: 0px 10px 0px 60px;\n  }\n}\n<\/style>\n\t<\/div>\n\n\t\n\n\t<div id=\"col-1589035658\" class=\"col medium-6 small-12 large-6\"  >\n\t\t\t\t<div class=\"col-inner\"  >\n\t\t\t\n\t<div class=\"is-border\"\n\t\tstyle=\"border-width:0px 0px 0px 3px;margin:0px 0px 0px -17px;\">\n\t<\/div>\n\t\t\t\n\n<p>\u00d6zel \u00fcretim hatt\u0131m\u0131z, kalite ve h\u0131z a\u00e7\u0131s\u0131ndan en y\u00fcksek standartlar\u0131 kar\u015f\u0131lar. MDS olarak, her \u00fcr\u00fcn\u00fcn kalite kontrol s\u00fcre\u00e7lerinden ge\u00e7mesini ve m\u00fc\u015fteri beklentilerini a\u015fmas\u0131n\u0131 sa\u011fl\u0131yoruz. \u00d6zel \u00fcretim hatt\u0131m\u0131z, toplu sipari\u015flerde h\u0131zl\u0131 \u00fcretim kapasitesine sahip olup, teslimat s\u00fcrelerini minimize eder.<\/p>\n\n\t\t<\/div>\n\t\t\t\t\n<style>\n#col-1589035658 > .col-inner {\n  padding: 0px 30px 0px 30px;\n  margin: -20px 0px 0px 0px;\n}\n@media (min-width:550px) {\n  #col-1589035658 > .col-inner {\n    padding: 0px 20px 0px 30px;\n    margin: -25px 0px 0px 0px;\n  }\n}\n@media (min-width:850px) {\n  #col-1589035658 > .col-inner {\n    padding: 0px 60px 0px 10px;\n  }\n}\n<\/style>\n\t<\/div>\n\n\t\n\n<\/div>\n\n\t\t<\/div>\n\t\t\t\t\n<style>\n#col-124651893 > .col-inner {\n  margin: -100px 0px 0px 0px;\n}\n<\/style>\n\t<\/div>\n\n\t\n\n<\/div>\n\n\t\t<\/div>\n\n\t\t\n<style>\n#section_556007586 {\n  padding-top: 30px;\n  padding-bottom: 30px;\n  background-color: rgb(237, 233, 227);\n}\n<\/style>\n\t<\/section>\n\t\n\t<section class=\"section\" id=\"section_2110364520\">\n\t\t<div class=\"bg section-bg fill bg-fill  bg-loaded\" >\n\n\t\t\t\n\t\t\t\n\t\t\t\n\n\t\t<\/div>\n\n\t\t\n\n\t\t<div class=\"section-content relative\">\n\t\t\t\n\n<div class=\"row\" style=\"max-width:1200px\" id=\"row-695877756\">\n\n\n\t<div id=\"col-1209144612\" class=\"col small-12 large-12\"  >\n\t\t\t\t<div class=\"col-inner\"  >\n\t\t\t\n\t\t\t\n\n  <div class=\"banner-grid-wrapper\">\n  <div id=\"banner-grid-158764790\" class=\"banner-grid row row-grid row-xsmall row-full-width\" data-packery-options=\"\">\n                      \n\n<div class=\"col grid-col small-12 large-3 grid-col-2-3\" ><div class=\"col-inner\">\n\n\n  <div class=\"banner has-hover bg-glow\" id=\"banner-435624430\">\n          <div class=\"banner-inner fill\">\n        <div class=\"banner-bg fill\" >\n            <div class=\"bg fill bg-fill \"><\/div>\n                                    \n                    <\/div>\n\t\t\n        <div class=\"banner-layers container\">\n            <a class=\"fill\" href=\"#\" ><div class=\"fill banner-link\"><\/div><\/a>            \n\n\n        <\/div>\n      <\/div>\n\n            \n<style>\n#banner-435624430 {\n  padding-top: 300px;\n  background-color: rgb(237, 233, 227);\n}\n#banner-435624430 .bg.bg-loaded {\n  background-image: url(https:\/\/www.mdsmobilya.com\/wp-content\/uploads\/2024\/07\/81zKZKbAyIL._AC_UF8941000_QL80_.jpg);\n}\n#banner-435624430 .bg {\n  background-position: 42% 86%;\n}\n@media (min-width:850px) {\n  #banner-435624430 {\n    padding-top: 500px;\n  }\n}\n<\/style>\n  <\/div>\n\n\n\n<\/div><\/div>\n<div class=\"col grid-col small-12 large-6 grid-col-1\" ><div class=\"col-inner\">\n\n\n  <div class=\"banner has-hover bg-glow\" id=\"banner-396669833\">\n          <div class=\"banner-inner fill\">\n        <div class=\"banner-bg fill\" >\n            <div class=\"bg fill bg-fill \"><\/div>\n                                    \n                    <\/div>\n\t\t\n        <div class=\"banner-layers container\">\n            <a class=\"fill\" href=\"#\" ><div class=\"fill banner-link\"><\/div><\/a>            \n\n\n        <\/div>\n      <\/div>\n\n            \n<style>\n#banner-396669833 {\n  padding-top: 400px;\n  background-color: rgb(237, 233, 227);\n}\n#banner-396669833 .bg.bg-loaded {\n  background-image: url(https:\/\/www.mdsmobilya.com\/wp-content\/uploads\/2024\/07\/20190521_meredith_002-2ad3962f1e604e499b8ce59ebe6481c6-1024x1024.jpg);\n}\n@media (min-width:850px) {\n  #banner-396669833 {\n    padding-top: 500px;\n  }\n}\n<\/style>\n  <\/div>\n\n\n\n<\/div><\/div>\n<div class=\"col grid-col small-12 large-3 grid-col-1-3\" ><div class=\"col-inner\">\n\n\n  <div class=\"banner has-hover bg-glow\" id=\"banner-785430536\">\n          <div class=\"banner-inner fill\">\n        <div class=\"banner-bg fill\" >\n            <div class=\"bg fill bg-fill \"><\/div>\n                                    \n                    <\/div>\n\t\t\n        <div class=\"banner-layers container\">\n            <a class=\"fill\" href=\"#\" ><div class=\"fill banner-link\"><\/div><\/a>            \n\n\n        <\/div>\n      <\/div>\n\n            \n<style>\n#banner-785430536 {\n  padding-top: 300px;\n  background-color: rgb(237, 233, 227);\n}\n#banner-785430536 .bg.bg-loaded {\n  background-image: url(https:\/\/www.mdsmobilya.com\/wp-content\/uploads\/2024\/07\/1685440878463-683x1024.jpg);\n}\n#banner-785430536 .bg {\n  background-position: 54% 39%;\n}\n@media (min-width:850px) {\n  #banner-785430536 {\n    padding-top: 500px;\n  }\n}\n<\/style>\n  <\/div>\n\n\n\n<\/div><\/div>\n<div class=\"col grid-col small-12 large-3 grid-col-2-3\" ><div class=\"col-inner\">\n\n\n  <div class=\"banner has-hover bg-glow\" id=\"banner-1592779005\">\n          <div class=\"banner-inner fill\">\n        <div class=\"banner-bg fill\" >\n            <div class=\"bg fill bg-fill \"><\/div>\n                                    \n                    <\/div>\n\t\t\n        <div class=\"banner-layers container\">\n            <a class=\"fill\" href=\"#\" ><div class=\"fill banner-link\"><\/div><\/a>            \n\n\n        <\/div>\n      <\/div>\n\n            \n<style>\n#banner-1592779005 {\n  padding-top: 300px;\n  background-color: rgb(237, 233, 227);\n}\n#banner-1592779005 .bg.bg-loaded {\n  background-image: url(https:\/\/www.mdsmobilya.com\/wp-content\/uploads\/2024\/07\/FLORINE4TshoecabinetLS-1024x1024.webp);\n}\n#banner-1592779005 .bg {\n  background-position: 90% 96%;\n}\n@media (min-width:850px) {\n  #banner-1592779005 {\n    padding-top: 500px;\n  }\n}\n<\/style>\n  <\/div>\n\n\n\n<\/div><\/div>\n<div class=\"col grid-col small-12 large-3 grid-col-1-3\" ><div class=\"col-inner\">\n\n\n  <div class=\"banner has-hover bg-glow\" id=\"banner-1641256518\">\n          <div class=\"banner-inner fill\">\n        <div class=\"banner-bg fill\" >\n            <div class=\"bg fill bg-fill \"><\/div>\n                                    \n                    <\/div>\n\t\t\n        <div class=\"banner-layers container\">\n            <a class=\"fill\" href=\"#\" ><div class=\"fill banner-link\"><\/div><\/a>            \n\n\n        <\/div>\n      <\/div>\n\n            \n<style>\n#banner-1641256518 {\n  padding-top: 300px;\n  background-color: rgb(237, 233, 227);\n}\n#banner-1641256518 .bg.bg-loaded {\n  background-image: url(https:\/\/www.mdsmobilya.com\/wp-content\/uploads\/2024\/07\/211109_JLH-SR_0032-Edit-Chair_HG_Screen-1024x683.jpg);\n}\n#banner-1641256518 .bg {\n  background-position: 100% 43%;\n}\n@media (min-width:850px) {\n  #banner-1641256518 {\n    padding-top: 500px;\n  }\n}\n<\/style>\n  <\/div>\n\n\n\n<\/div><\/div>\n\n            <\/div>\n    <style>\n    #banner-grid-158764790 .grid-col-1{height: 561px}\n    #banner-grid-158764790 .grid-col-1-2{height: 280.5px}\n    #banner-grid-158764790 .grid-col-1-3{height:187px}\n    #banner-grid-158764790 .grid-col-2-3{height: 374px}\n    #banner-grid-158764790 .grid-col-1-4{height: 140.25px}\n    #banner-grid-158764790 .grid-col-3-4{height: 420.75px}\n\n\n        \/* Tablet *\/\n    @media (max-width: 850px){\n      #banner-grid-158764790 .grid-col-1{height: 373px}\n      #banner-grid-158764790 .grid-col-1-2{height: 186.5px}\n      #banner-grid-158764790 .grid-col-1-3{height:124.33333333333px}\n      #banner-grid-158764790 .grid-col-2-3{height: 248.66666666667px}\n      #banner-grid-158764790 .grid-col-1-4{height: 93.25px}\n      #banner-grid-158764790 .grid-col-3-4{height: 279.75px}\n    }\n    \n    \n\n  <\/style>\n    <\/div>\n  \n\n\t\t<\/div>\n\t\t\t\t\t<\/div>\n\n\t\n\n<\/div>\n\t<div id=\"gap-1687208092\" class=\"gap-element clearfix\" style=\"display:block; height:auto;\">\n\t\t\n<style>\n#gap-1687208092 {\n  padding-top: 40px;\n}\n@media (min-width:850px) {\n  #gap-1687208092 {\n    padding-top: 80px;\n  }\n}\n<\/style>\n\t<\/div>\n\t\n\n\n\t\t<\/div>\n\n\t\t\n<style>\n#section_2110364520 {\n  padding-top: 30px;\n  padding-bottom: 30px;\n  background-color: rgb(237, 233, 227);\n}\n<\/style>\n\t<\/section>\n\t\n\t<section class=\"section\" id=\"section_1210875972\">\n\t\t<div class=\"bg section-bg fill bg-fill  \" >\n\n\t\t\t\n\t\t\t\n\t\t\t\n\n\t\t<\/div>\n\n\t\t\n\n\t\t<div class=\"section-content relative\">\n\t\t\t\n\n\t<div id=\"gap-1976970333\" class=\"gap-element clearfix\" style=\"display:block; height:auto;\">\n\t\t\n<style>\n#gap-1976970333 {\n  padding-top: 30px;\n}\n<\/style>\n\t<\/div>\n\t\n\n<div class=\"row\" style=\"max-width:1200px\" id=\"row-1049155622\">\n\n\n\t<div id=\"col-1375049812\" class=\"col small-12 large-12\"  >\n\t\t\t\t<div class=\"col-inner text-center\"  >\n\t\t\t\n\t\t\t\n\n\t<div id=\"gap-1751996816\" class=\"gap-element clearfix\" style=\"display:block; height:auto;\">\n\t\t\n<style>\n#gap-1751996816 {\n  padding-top: 15px;\n}\n<\/style>\n\t<\/div>\n\t\n\n\t<div id=\"text-4017032321\" class=\"text\">\n\t\t\n\n<h6>\u0130leti\u015fine Ge\u00e7<\/h6>\n\t\t\n<style>\n#text-4017032321 {\n  text-align: center;\n}\n<\/style>\n\t<\/div>\n\t\n\t<div id=\"text-1044146711\" class=\"text\">\n\t\t\n\n<h2>Sorunuz Varm\u0131?<\/h2>\n\t\t\n<style>\n#text-1044146711 {\n  font-size: 1.75rem;\n  text-align: center;\n}\n<\/style>\n\t<\/div>\n\t\n<a class=\"button secondary\"  style=\"border-radius:30px;padding:5px 30px 5px 30px;\">\n    <span>0 543 88 00 100<\/span>\n  <\/a>\n\n\n\n\t\t<\/div>\n\t\t\t\t\n<style>\n#col-1375049812 > .col-inner {\n  padding: 50px 50px 50px 50px;\n}\n<\/style>\n\t<\/div>\n\n\t\n\n\n<style>\n#row-1049155622 > .col > .col-inner {\n  background-color: rgb(255, 255, 255);\n}\n<\/style>\n<\/div>\n\n\t\t<\/div>\n\n\t\t\n<style>\n#section_1210875972 {\n  padding-top: 30px;\n  padding-bottom: 30px;\n  min-height: 400px;\n}\n#section_1210875972 .section-bg.bg-loaded {\n  background-image: url(https:\/\/www.mdsmobilya.com\/wp-content\/uploads\/2024\/07\/jessica-ruscello-lUtPqjz5D5k-unsplash.jpg);\n}\n#section_1210875972 .section-bg {\n  background-position: 74% 51%;\n}\n<\/style>\n\t<\/section>\n\t\n\n","protected":false},"excerpt":{"rendered":"","protected":false},"author":1,"featured_media":0,"parent":0,"menu_order":0,"comment_status":"closed","ping_status":"closed","template":"page-blank.php","meta":{"footnotes":""},"class_list":["post-70","page","type-page","status-publish","hentry"],"_links":{"self":[{"href":"https:\/\/www.mdsmobilya.com\/index.php\/wp-json\/wp\/v2\/pages\/70","targetHints":{"allow":["GET"]}}],"collection":[{"href":"https:\/\/www.mdsmobilya.com\/index.php\/wp-json\/wp\/v2\/pages"}],"about":[{"href":"https:\/\/www.mdsmobilya.com\/index.php\/wp-json\/wp\/v2\/types\/page"}],"author":[{"embeddable":true,"href":"https:\/\/www.mdsmobilya.com\/index.php\/wp-json\/wp\/v2\/users\/1"}],"replies":[{"embeddable":true,"href":"https:\/\/www.mdsmobilya.com\/index.php\/wp-json\/wp\/v2\/comments?post=70"}],"version-history":[{"count":4,"href":"https:\/\/www.mdsmobilya.com\/index.php\/wp-json\/wp\/v2\/pages\/70\/revisions"}],"predecessor-version":[{"id":624,"href":"https:\/\/www.mdsmobilya.com\/index.php\/wp-json\/wp\/v2\/pages\/70\/revisions\/624"}],"wp:attachment":[{"href":"https:\/\/www.mdsmobilya.com\/index.php\/wp-json\/wp\/v2\/media?parent=70"}],"curies":[{"name":"wp","href":"https:\/\/api.w.org\/{rel}","templated":true}]}}